54232
What is 15813ba (base 12) in base 9?
8243337
-115510133 (base 6) to base 9
-4173163
-322259 (base 13) to base 4
-10133003333
Convert 120210020 (base 4) to base 14.
2894c
Convert -109927 (base 10) to base 15.
-22887
What is 444514210 (base 6) in base 16?
7b139e
-424410 (base 15) to base 13
-8652a2
What is 4767565 (base 8) in base 13?
36988b
Convert 42204420 (base 6) to base 11.
76a924
What is 13112401 (base 6) in base 12?
188701
What is -20299 (base 15) in base 3?
-12011201000
Convert -3a4c65 (base 15) to base 14.
-52c91c
What is 23b93 (base 15) in base 11?
78706
Convert 524858 (base 9) to base 11.
1a3442
-3c0c6 (base 13) to base 4
-123121101
What is 218590 (base 16) in base 2?
1000011000010110010000
-6272766 (base 8) to base 3
-10010202212221
Convert -307e0 (base 16) to base 8.
-603740
Convert 1621541 (base 7) to base 10.
223910
-337371 (base 10) to base 13
-ba738
Convert -31300421 (base 5) to base 15.
-51d41
What is 11b7343 (base 13) in base 11?
313647a
What is 246ab89 (base 12) in base 11?
40173a6
Convert -133706 (base 8) to base 6.
-1001450
Convert 6b261 (base 15) to base 12.
1456b4
1111101011010100110000 (base 2) to base 10
4109616
What is 2061a8 (base 12) in base 16?
7c190
What is 29065 (base 12) in base 3?
2220022212
-11528246 (base 9) to base 11
-31a5013
1000000001010111001000 (base 2) to base 4
20001113020
What is -456b7 (base 12) in base 6?
-1552351
-176455 (base 8) to base 3
-10021220111
What is 654546 (base 9) in base 11?
2473a6
Convert 65325040 (base 7) to base 10.
5586469
-83a5a (base 13) to base 8
-716454
284883 (base 10) to base 14
75b6b
Convert 588487 (base 11) to base 9.
1672604
Convert -2113343242 (base 5) to base 10.
-4434197
Convert -22201022021 (base 3) to base 10.
-171538
Convert -43420101 (base 5) to base 4.
-1123012133
What is 28666 (base 9) in base 12?
b350
Convert -10445462 (base 7) to base 6.
-31201242
-3355d3 (base 15) to base 12
-9a0946
What is -303315 (base 7) in base 6?
-1034533
What is 1002102100 (base 3) in base 14?
7b5d
Convert -6cac02 (base 16) to base 6.
-412351510
-143006 (base 12) to base 6
-11120010
Convert -13323 (base 8) to base 6.
-43015
What is 443673 (base 8) in base 6?
3111455
What is 140125055 (base 6) in base 8?
12561733
Convert -31023302302 (base 4) to base 5.
-1341044203
Convert -48b73 (base 12) to base 9.
-160026
Convert -c47a5a (base 15) to base 12.
-3165794
Convert -3033330002 (base 5) to base 15.
-817ba2
What is -5221133 (base 6) in base 8?
-753461
Convert -4821a0 (base 11) to base 4.
-2322211001
-656035 (base 9) to base 15
-7b005
Convert -2a1b7 (base 15) to base 3.
-20212201201
Convert 54e1 (base 15) to base 10.
17986
What is 106697 (base 10) in base 8?
320311
What is 2141893 (base 10) in base 13?
59cbc0
Convert -14332 (base 8) to base 13.
-2b85
-1031323000 (base 4) to base 9
-535731
-3536614 (base 7) to base 4
-1231001110
What is 121320222 (base 4) in base 6?
2134510
What is 3005177 (base 10) in base 16?
2ddaf9
Convert -100001101110101010000001 (base 2) to base 16.
-86ea81
What is 23334b (base 13) in base 9?
1512885
What is 307733 (base 8) in base 5?
11233423
c685 (base 15) to base 7
233243
-1430b5 (base 13) to base 15
-9acd6
What is -1000011110000101110 (base 2) in base 13?
-99440
What is 2435123 (base 6) in base 4?
133212123
-170802 (base 9) to base 4
-121302122
2566a (base 13) to base 9
114838
Convert 507615 (base 9) to base 14.
7b8d2
Convert -67e02 (base 15) to base 12.
-13b33b
47d3b2 (base 16) to base 4
101331032302
What is 2612b2 (base 13) in base 16?
dfc98
2717792 (base 12) to base 4
131203202132
Convert 453cbe (base 15) to base 16.
3268cd
What is 24632 (base 10) in base 9?
36708
What is -7018 (base 13) in base 9?
-23111
What is -132801 (base 11) in base 16?
-32edd
What is 11011110100101110110 (base 2) in base 13?
25bcb5
What is -1100242440 (base 5) in base 16?
-23e6e6
-3220220202 (base 4) to base 13
-274935
What is -c006e6 (base 15) in base 5?
-4313122231
What is -11022002000 (base 3) in base 5?
-10201433
-189c9 (base 14) to base 9
-104422
Convert -271537 (base 9) to base 14.
-442b7
Convert -8811a70 (base 11) to base 8.
-73026613
Convert -11201220322 (base 4) to base 10.
-1448506
Convert 1091943 (base 10) to base 4.
10022211213
Convert -1034502 (base 7) to base 2.
-11110111000000111
What is -20020202220021 (base 3) in base 11?
-1969941
27d01 (base 15) to base 10
127801
2200221011210 (base 3) to base 15
1d5520
What is 412126 (base 8) in base 2?
100001010001010110
Convert 27047003 (base 9) to base 3.
221001121000010
Convert -2a90893 (base 11) to base 13.
-11312b8
Convert 9eb6 (base 16) to base 3.
2001201211
250251000 (base 6) to base 13
cb52b7
What is 21e (base 16) in base 3?
202002
What is 144cc4 (base 13) in base 4?
1321032001
Convert -5d3aba (base 15) to base 7.
-52654633
What is -9b252 (base 12) in base 5?
-23042412
Convert -76583 (base 13) to base 16.
-3442d
What is -122120211 (base 5) in base 13?
-175210
-7358098 (base 11) to base 10
-12968040
What is -21001233 (base 5) in base 4?
-222000210
What is -36444 (base 14) in base 10?
-132556
What is -5fc45b (base 16) in base 10?
-6276187
Convert -20202211011012 (base 3) to base 10.
-3598457
Convert -45483 (base 9) to base 14.
-b076
Convert -1101122121 (base 3) to base 9.
-41577
Convert -487521 (base 10) to base 5.
-111100041
What is 33262b (base 12) in base 2?
11000110100000000011
Convert -100101001111000110001 (base 2) to base 14.
-23a933
What is 10001430342 (base 5) in base 12?
33449a2
403313133 (base 6) to base 11
3981965
What is 20001302300 (base 4) in base 14?
3cad32
Convert 28c6 (base 16) to base 3.
112022121
Convert -15e3 (base 15) to base 3.
-20110120
What is c57769 (base 15) in base 16?
8f4b4c
Convert c636b (base 14) to base 2.
1110100101110111011
b83a40 (base 15) to base 2
100001011101010000000000
What is ca21a8 (base 13) in base 16?
486a63
-3012203322 (base 4) to base 15
-110ea6
What is 212020121 (base 4) in base 14?
40cc1
-69232 (base 11) to base 16
-18706
15664 (base 15) to base 2
10000110101010000
2465454 (base 8) to base 9
1250552
-4010648 (base 11) to base 14
-d2c0d9
What is 2686 (base 12) in base 15?
149c
Convert -12244a6 (base 11) to base 10.
-2128869
Convert 773080 (base 10) to base 8.
2745730
5089a3 (base 15) to base 3
21012101100200
Convert -211220011 (base 3) to base 8.
-40462
What is cfc36 (base 16) in base 15?
11c233
569744 (base 10) to base 11
35a06a
Convert 331210022 (base 4) to base 2.
111101100100001010
Convert 1350130 (base 7) to base 2.
101011111110110001
Convert -121120010100010 (base 3) to base 15.
-b8c959
Convert -11b18e (base 16) to base 15.
-17d896
-536545 (base 11) to base 16
-d16da
Convert 208ab (base 12) to base 15.
ca05
-55535522 (base 6) to base 8
-6313312
Convert -1abb5 (base 15) to base 11.
-5a41a
What is -1001010001110000011111001 (base 2) in base 6?
-1533003121
What is 1110101001111010111101 (base 2) in base 13?
a46814
-20431305 (base 7) to base 15
-24035c
What is 1100110000 (base 2) in base 9?
1106
128564 (base 10) to base 5
13103224
-8037115 (base 9) to base 5
-2043321114
-1001011101000000100 (base 2) to base 3
-120201220202
54513651 (base 7) to base 11
2704256
What is -3745280 (base 9) in base 8?
-7614035
-9c3b6 (base 13) to base 7
-2262122
3398776 (base 10) to base 11
1a11607
1223022124 (base 5) to base 16
2cd89f
-c07add (base 15) to base 11
-5181a53
Convert 415134 (base 6) to base 14.
c318
301130341 (base 5) to base 3
2020120221020
102605311 (base 7) to base 4
113101330123
Convert 101000000001101 (base 2) to base 10.
20493
-1a96a62 (base 11) to base 15
-498d39
What is -100101011011101011 (base 2) in base 8?
-453353
-7105a3 (base 12) to base 7
-20663055
Convert 1001011101101100111 (base 2) to base 16.
4bb67
What is -23273722 (base 8) in base 12?
-184a06a
8421715 (base 9) to base 16
44b28c
Convert -1114204033 (base 5) to base 6.
-125221023
Convert 111112203 (base 4) to base 10.
87459
-1b2353b (base 14) to base 7
-223006004
What is 32123014 (base 5) in base 6?
5443440
What is -223021332100 (base 4) in base 3?
-210021202120111
-25241613 (base 7) to base 5
-1040413241
Convert 180c8c (base 16) to base 12.
6400b8
1a937 (base 16) to base 7
632235
Convert -38142a4 (base 12) to base 2.
-101001110111110110011100
Convert 3a84637 (base 12) to base 4.
230110322023
-35182 (base 12) to base